{"id":17,"date":"2021-11-09T15:39:48","date_gmt":"2021-11-09T15:39:48","guid":{"rendered":"https:\/\/hac1962.com\/boutique\/?page_id=17"},"modified":"2022-02-03T18:28:25","modified_gmt":"2022-02-03T18:28:25","slug":"remboursements_retours","status":"publish","type":"page","link":"https:\/\/hac1962.com\/boutique\/index.php\/mon-compte\/remboursements_retours\/","title":{"rendered":"Politique en mati\u00e8re de remboursements et de retours"},"content":{"rendered":"\n<h2 class=\"wp-block-heading\" id=\"apercu\">Aper\u00e7u <\/h2>\n\n\n\n<pre id=\"tw-target-text\" class=\"wp-block-preformatted\">Notre politique de remboursement et de retour dure 30 jours. Si 30 jours se sont \u00e9coul\u00e9s depuis votre achat, nous ne pouvons pas vous offrir un remboursement complet ou un \u00e9change<\/pre>\n\n\n\n<pre id=\"tw-target-text\" class=\"wp-block-preformatted\">Pour \u00eatre admissible \u00e0 un retour, votre article doit \u00eatre inutilis\u00e9 et dans le m\u00eame \u00e9tat que vous l'avez re\u00e7u. Il doit \u00e9galement \u00eatre dans l'emballage d'origine.<\/pre>\n\n\n\n<pre id=\"tw-target-text\" class=\"wp-block-preformatted\">Plusieurs types de marchandises sont exempt\u00e9es de retour. Les denr\u00e9es p\u00e9rissables telles que la nourriture, les fleurs, les journaux ou les magazines ne peuvent pas \u00eatre retourn\u00e9es. Nous n'acceptons pas non plus les produits intimes ou sanitaires, les mati\u00e8res dangereuses ou les liquides ou gaz inflammables.<\/pre>\n\n\n\n<pre id=\"tw-target-text\" class=\"wp-block-preformatted\">Articles suppl\u00e9mentaires non retournables&nbsp;:<\/pre>\n\n\n\n<pre id=\"tw-target-text\" class=\"wp-block-preformatted\">- Produits logiciels t\u00e9l\u00e9chargeables\n- Certains articles de sant\u00e9 et de soins personnels<\/pre>\n\n\n\n<pre id=\"tw-target-text\" class=\"wp-block-preformatted\">Pour compl\u00e9ter votre retour, nous avons besoin d'un re\u00e7u ou d'une preuve d'achat.<\/pre>\n\n\n\n<pre id=\"tw-target-text\" class=\"wp-block-preformatted\">Veuillez ne pas renvoyer votre achat au fabricant.<\/pre>\n\n\n\n<pre id=\"tw-target-text\" class=\"wp-block-preformatted\">Il existe certaines situations o\u00f9 seuls des remboursements partiels sont accord\u00e9s :<\/pre>\n\n\n\n<pre id=\"tw-target-text\" class=\"wp-block-preformatted\">- Livre avec des signes \u00e9vidents d'utilisation CD, DVD, cassette VHS, logiciel, jeu vid\u00e9o, cassette ou disque vinyle qui a \u00e9t\u00e9 ouvert.\n- Tout article qui n'est pas dans son \u00e9tat d'origine, est endommag\u00e9 ou   manque des pi\u00e8ces pour des raisons non dues \u00e0 notre erreur.\n- Tout article retourn\u00e9 plus de 30 jours apr\u00e8s la livraison<\/pre>\n\n\n\n<h2 class=\"wp-block-heading\" id=\"remboursements\">Remboursements<\/h2>\n\n\n\n<pre id=\"tw-target-text\" class=\"wp-block-preformatted\">Une fois votre retour re\u00e7u et inspect\u00e9, nous vous enverrons un e-mail pour vous informer que nous avons re\u00e7u votre article retourn\u00e9. Nous vous informerons \u00e9galement de l'approbation<\/pre>\n\n\n\n<pre id=\"tw-target-text\" class=\"wp-block-preformatted\">Si vous \u00eates approuv\u00e9, votre remboursement sera trait\u00e9 et un cr\u00e9dit sera automatiquement appliqu\u00e9 \u00e0 votre carte de cr\u00e9dit ou \u00e0 votre mode de paiement original, dans un certain nombre de jours.<\/pre>\n\n\n\n<p><strong>Remboursements en retard ou manquants<\/strong><\/p>\n\n\n\n<pre id=\"tw-target-text\" class=\"wp-block-preformatted\">Si vous n'avez pas encore re\u00e7u de remboursement, v\u00e9rifiez d'abord \u00e0 nouveau votre compte bancaire.<\/pre>\n\n\n\n<pre id=\"tw-target-text\" class=\"wp-block-preformatted\">Contactez ensuite votre compagnie de carte de cr\u00e9dit, cela peut prendre un certain temps avant que votre remboursement ne soit officiellement affich\u00e9.<\/pre>\n\n\n\n<pre id=\"tw-target-text\" class=\"wp-block-preformatted\">Contactez ensuite votre banque. Il y a souvent un certain temps de traitement avant qu'un remboursement ne soit affich\u00e9.<\/pre>\n\n\n\n<pre id=\"tw-target-text\" class=\"wp-block-preformatted\">Si vous avez fait tout cela et que vous n'avez toujours pas re\u00e7u votre remboursement, veuillez nous contacter \u00e0 handballajaccioclub@gmail.com.<\/pre>\n\n\n\n<p><strong>Vendre des articles<\/strong><\/p>\n\n\n\n<pre id=\"tw-target-text\" class=\"wp-block-preformatted\">Seuls les articles \u00e0 prix r\u00e9gulier peuvent \u00eatre rembours\u00e9s. Les articles sold\u00e9s ne peuvent pas \u00eatre rembours\u00e9s.<\/pre>\n\n\n\n<h2 class=\"wp-block-heading\" id=\"echanges\">Echanges<\/h2>\n\n\n\n<pre id=\"tw-target-text\" class=\"wp-block-preformatted\">Nous ne rempla\u00e7ons les articles que s'ils sont d\u00e9fectueux ou endommag\u00e9s. Si vous avez besoin de l'\u00e9changer contre le m\u00eame article, envoyez-nous un e-mail \u00e0 handballajaccioclub@gmail.com et envoyez votre article \u00e0\u00a0: R\u00e9sidence la pin\u00e8de BAT A, Avenue Du Mont Thabor, 20090 Ajaccio.<\/pre>\n\n\n\n<h2 class=\"wp-block-heading\" id=\"expeditions-retours\">Exp\u00e9ditions &amp; retours<\/h2>\n\n\n\n<pre id=\"tw-target-text\" class=\"wp-block-preformatted\">Pour retourner votre produit, vous devez envoyer votre produit \u00e0\u00a0: R\u00e9sidence la pin\u00e8de BAT A, Avenue Du Mont Thabor, 20090 Ajaccio.<\/pre>\n\n\n\n<pre id=\"tw-target-text\" class=\"wp-block-preformatted\">Vous serez responsable de payer vos propres frais d'exp\u00e9dition pour le retour de votre article. Les frais d'exp\u00e9dition ne sont pas remboursables. Si vous recevez un remboursement, les frais de retour seront d\u00e9duits de votre remboursement.<\/pre>\n\n\n\n<pre id=\"tw-target-text\" class=\"wp-block-preformatted\">Selon l'endroit o\u00f9 vous vivez, le temps n\u00e9cessaire pour que votre produit \u00e9chang\u00e9 vous parvienne peut varier.<\/pre>\n\n\n\n<pre id=\"tw-target-text\" class=\"wp-block-preformatted\">Si vous retournez des articles plus chers, vous pouvez envisager d'utiliser un service d'exp\u00e9dition tra\u00e7able ou de souscrire une assurance d'exp\u00e9dition. Nous ne garantissons pas que nous recevrons votre article retourn\u00e9.<\/pre>\n\n\n\n<h2 class=\"wp-block-heading\" id=\"besoin-d-aide\">Besoin d&#8217;aide ?<\/h2>\n\n\n\n<pre id=\"tw-target-text\" class=\"wp-block-preformatted\">Contactez-nous \u00e0 handballajaccioclub@gmail.com pour toute question relative aux remboursements et aux retours.<\/pre>\n","protected":false},"excerpt":{"rendered":"<p>Aper\u00e7u Notre politique de remboursement et de retour dure 30 jours. Si 30 jours se sont \u00e9coul\u00e9s depuis votre achat, nous ne pouvons pas vous offrir un remboursement complet ou un \u00e9change Pour \u00eatre admissible \u00e0 un retour, votre article doit \u00eatre inutilis\u00e9 et dans le m\u00eame \u00e9tat que vous l&#8217;avez re\u00e7u. Il doit \u00e9galement [&hellip;]<\/p>\n","protected":false},"author":1,"featured_media":0,"parent":16,"menu_order":0,"comment_status":"closed","ping_status":"closed","template":"","meta":{"_coblocks_attr":"","_coblocks_dimensions":"","_coblocks_responsive_height":"","_coblocks_accordion_ie_support":"","footnotes":""},"class_list":["post-17","page","type-page","status-publish","hentry"],"jetpack_sharing_enabled":true,"_links":{"self":[{"href":"https:\/\/hac1962.com\/boutique\/index.php\/wp-json\/wp\/v2\/pages\/17","targetHints":{"allow":["GET"]}}],"collection":[{"href":"https:\/\/hac1962.com\/boutique\/index.php\/wp-json\/wp\/v2\/pages"}],"about":[{"href":"https:\/\/hac1962.com\/boutique\/index.php\/wp-json\/wp\/v2\/types\/page"}],"author":[{"embeddable":true,"href":"https:\/\/hac1962.com\/boutique\/index.php\/wp-json\/wp\/v2\/users\/1"}],"replies":[{"embeddable":true,"href":"https:\/\/hac1962.com\/boutique\/index.php\/wp-json\/wp\/v2\/comments?post=17"}],"version-history":[{"count":2,"href":"https:\/\/hac1962.com\/boutique\/index.php\/wp-json\/wp\/v2\/pages\/17\/revisions"}],"predecessor-version":[{"id":223,"href":"https:\/\/hac1962.com\/boutique\/index.php\/wp-json\/wp\/v2\/pages\/17\/revisions\/223"}],"up":[{"embeddable":true,"href":"https:\/\/hac1962.com\/boutique\/index.php\/wp-json\/wp\/v2\/pages\/16"}],"wp:attachment":[{"href":"https:\/\/hac1962.com\/boutique\/index.php\/wp-json\/wp\/v2\/media?parent=17"}],"curies":[{"name":"wp","href":"https:\/\/api.w.org\/{rel}","templated":true}]}}