{"id":58,"date":"2021-11-09T16:03:12","date_gmt":"2021-11-09T16:03:12","guid":{"rendered":"https:\/\/hac1962.com\/boutique\/index.php\/page-daccueil-2\/"},"modified":"2023-03-15T15:17:11","modified_gmt":"2023-03-15T15:17:11","slug":"page-daccueil-2","status":"publish","type":"page","link":"https:\/\/hac1962.com\/boutique\/","title":{"rendered":""},"content":{"rendered":"\n<div class=\"wp-block-cover aligncenter is-light\"><span aria-hidden=\"true\" class=\"wp-block-cover__background has-background-dim-0 has-background-dim\"><\/span><img loading=\"lazy\" decoding=\"async\" width=\"2560\" height=\"1920\" class=\"wp-block-cover__image-background wp-image-391\" alt=\"\" src=\"https:\/\/hac1962.com\/boutique\/wp-content\/uploads\/2022\/08\/Bandeaunew-2.jpg\" data-object-fit=\"cover\" srcset=\"https:\/\/hac1962.com\/boutique\/wp-content\/uploads\/2022\/08\/Bandeaunew-2.jpg 2560w, https:\/\/hac1962.com\/boutique\/wp-content\/uploads\/2022\/08\/Bandeaunew-2-300x225.jpg 300w, https:\/\/hac1962.com\/boutique\/wp-content\/uploads\/2022\/08\/Bandeaunew-2-1024x768.jpg 1024w, https:\/\/hac1962.com\/boutique\/wp-content\/uploads\/2022\/08\/Bandeaunew-2-768x576.jpg 768w, https:\/\/hac1962.com\/boutique\/wp-content\/uploads\/2022\/08\/Bandeaunew-2-1536x1152.jpg 1536w, https:\/\/hac1962.com\/boutique\/wp-content\/uploads\/2022\/08\/Bandeaunew-2-2048x1536.jpg 2048w, https:\/\/hac1962.com\/boutique\/wp-content\/uploads\/2022\/08\/Bandeaunew-2-1320x990.jpg 1320w, https:\/\/hac1962.com\/boutique\/wp-content\/uploads\/2022\/08\/Bandeaunew-2-416x312.jpg 416w\" sizes=\"auto, (max-width: 2560px) 100vw, 2560px\" \/><div class=\"wp-block-cover__inner-container is-layout-flow wp-block-cover-is-layout-flow\">\n<p class=\"has-text-align-center has-white-color has-text-color has-large-font-size\"><strong>Bienvenue dans la Boutique Officielle du Handball Ajaccio Club !<\/strong><\/p>\n\n\n\n<p class=\"has-text-align-center has-white-color has-text-color\">Venez d\u00e9couvrir nos produits !<\/p>\n\n\n\n<div class=\"wp-block-button aligncenter\"><a class=\"wp-block-button__link wp-element-button\" href=\"https:\/\/hac1962.com\/boutique\/index.php\/boutique\/\">D\u00e9couvrir<\/a><\/div>\n<\/div><\/div>\n\n\n\n<div class=\"wp-block-columns is-layout-flex wp-container-core-columns-is-layout-28f84493 wp-block-columns-is-layout-flex\">\n<div class=\"wp-block-column is-layout-flow wp-block-column-is-layout-flow\"><\/div>\n<\/div>\n\n\n\n<h2 class=\"has-text-align-center wp-block-heading\" id=\"achat-par-categorie\">Achat par cat\u00e9gorie<\/h2>\n\n\n<div class=\"woocommerce columns-4\"><ul class=\"products columns-4\">\n<li class=\"product-category product first\">\n\t<a aria-label=\"Acc\u00e9der \u00e0 la cat\u00e9gorie de produits \u00c9quipements\" href=\"https:\/\/hac1962.com\/boutique\/index.php\/categorie-produit\/equipements\/\"><img loading=\"lazy\" decoding=\"async\" src=\"https:\/\/hac1962.com\/boutique\/wp-content\/uploads\/2022\/02\/ballon1-e1645194194217-324x324.jpg\" alt=\"\u00c9quipements\" width=\"324\" height=\"324\" srcset=\"https:\/\/hac1962.com\/boutique\/wp-content\/uploads\/2022\/02\/ballon1-e1645194194217-324x324.jpg 324w, https:\/\/hac1962.com\/boutique\/wp-content\/uploads\/2022\/02\/ballon1-e1645194194217-150x150.jpg 150w, https:\/\/hac1962.com\/boutique\/wp-content\/uploads\/2022\/02\/ballon1-e1645194194217-100x100.jpg 100w\" sizes=\"auto, (max-width: 324px) 100vw, 324px\" \/>\t\t<h2 class=\"woocommerce-loop-category__title\">\n\t\t\t\u00c9quipements <mark class=\"count\">(2)<\/mark>\t\t<\/h2>\n\t\t<\/a><\/li>\n<li class=\"product-category product\">\n\t<a aria-label=\"Acc\u00e9der \u00e0 la cat\u00e9gorie de produits Supporters\" href=\"https:\/\/hac1962.com\/boutique\/index.php\/categorie-produit\/supporters\/\"><img loading=\"lazy\" decoding=\"async\" src=\"https:\/\/hac1962.com\/boutique\/wp-content\/uploads\/2024\/10\/IMG_5489-Avec-accentuation-NR-324x324.jpg\" alt=\"Supporters\" width=\"324\" height=\"324\" srcset=\"https:\/\/hac1962.com\/boutique\/wp-content\/uploads\/2024\/10\/IMG_5489-Avec-accentuation-NR-324x324.jpg 324w, https:\/\/hac1962.com\/boutique\/wp-content\/uploads\/2024\/10\/IMG_5489-Avec-accentuation-NR-150x150.jpg 150w, https:\/\/hac1962.com\/boutique\/wp-content\/uploads\/2024\/10\/IMG_5489-Avec-accentuation-NR-100x100.jpg 100w\" sizes=\"auto, (max-width: 324px) 100vw, 324px\" \/>\t\t<h2 class=\"woocommerce-loop-category__title\">\n\t\t\tSupporters <mark class=\"count\">(2)<\/mark>\t\t<\/h2>\n\t\t<\/a><\/li>\n<\/ul>\n<\/div>\n\n\n\n<h2 class=\"has-text-align-center wp-block-heading\" id=\"nouveautes\">Nouveaut\u00e9s<\/h2>\n\n\n<div data-block-name=\"woocommerce\/product-new\" data-categories=\"[44,34,45,30,46]\" data-columns=\"4\" data-stock-status=\"[&quot;&quot;,&quot;&quot;,&quot;instock&quot;,&quot;outofstock&quot;,&quot;onbackorder&quot;]\" class=\"wc-block-grid wp-block-product-new wp-block-woocommerce-product-new wc-block-product-new has-4-columns has-multiple-rows\"><ul class=\"wc-block-grid__products\"><li class=\"wc-block-grid__product\">\n\t\t\t\t<a href=\"https:\/\/hac1962.com\/boutique\/index.php\/produit\/gourde-400ml\/\" class=\"wc-block-grid__product-link\">\n\t\t\t\t\t\n\t\t\t\t\t<div class=\"wc-block-grid__product-image\"><img loading=\"lazy\" decoding=\"async\" width=\"324\" height=\"324\" src=\"https:\/\/hac1962.com\/boutique\/wp-content\/uploads\/2023\/03\/Petite-Gourde-324x324.jpg\" class=\"attachment-woocommerce_thumbnail size-woocommerce_thumbnail\" alt=\"Gourde 400ml\" srcset=\"https:\/\/hac1962.com\/boutique\/wp-content\/uploads\/2023\/03\/Petite-Gourde-324x324.jpg 324w, https:\/\/hac1962.com\/boutique\/wp-content\/uploads\/2023\/03\/Petite-Gourde-150x150.jpg 150w, https:\/\/hac1962.com\/boutique\/wp-content\/uploads\/2023\/03\/Petite-Gourde-100x100.jpg 100w\" sizes=\"auto, (max-width: 324px) 100vw, 324px\" \/><\/div>\n\t\t\t\t\t<div class=\"wc-block-grid__product-title\">Gourde 400ml<\/div>\n\t\t\t\t<\/a>\n\t\t\t\t<div class=\"wc-block-grid__product-price price\"><span class=\"woocommerce-Price-amount amount\">7,00&nbsp;<span class=\"woocommerce-Price-currencySymbol\">&euro;<\/span><\/span><\/div>\n\t\t\t\t\n\t\t\t\t<div class=\"wp-block-button wc-block-grid__product-add-to-cart\"><a href=\"\/boutique\/index.php\/wp-json\/wp\/v2\/pages\/58?add-to-cart=409\" aria-label=\"Ajouter au panier\u00a0: &ldquo;Gourde 400ml&rdquo;\" data-quantity=\"1\" data-product_id=\"409\" data-product_sku=\"\" data-price=\"7\" rel=\"nofollow\" class=\"wp-block-button__link  add_to_cart_button ajax_add_to_cart\">Ajouter au panier<\/a><\/div>\n\t\t\t<\/li><li class=\"wc-block-grid__product\">\n\t\t\t\t<a href=\"https:\/\/hac1962.com\/boutique\/index.php\/produit\/gourde-700ml\/\" class=\"wc-block-grid__product-link\">\n\t\t\t\t\t\n\t\t\t\t\t<div class=\"wc-block-grid__product-image\"><img loading=\"lazy\" decoding=\"async\" width=\"324\" height=\"324\" src=\"https:\/\/hac1962.com\/boutique\/wp-content\/uploads\/2023\/03\/Grande-Gourde-324x324.jpg\" class=\"attachment-woocommerce_thumbnail size-woocommerce_thumbnail\" alt=\"Gourde 700ml\" srcset=\"https:\/\/hac1962.com\/boutique\/wp-content\/uploads\/2023\/03\/Grande-Gourde-324x324.jpg 324w, https:\/\/hac1962.com\/boutique\/wp-content\/uploads\/2023\/03\/Grande-Gourde-150x150.jpg 150w, https:\/\/hac1962.com\/boutique\/wp-content\/uploads\/2023\/03\/Grande-Gourde-100x100.jpg 100w\" sizes=\"auto, (max-width: 324px) 100vw, 324px\" \/><\/div>\n\t\t\t\t\t<div class=\"wc-block-grid__product-title\">Gourde 700ml<\/div>\n\t\t\t\t<\/a>\n\t\t\t\t<div class=\"wc-block-grid__product-price price\"><span class=\"woocommerce-Price-amount amount\">6,50&nbsp;<span class=\"woocommerce-Price-currencySymbol\">&euro;<\/span><\/span><\/div>\n\t\t\t\t\n\t\t\t\t<div class=\"wp-block-button wc-block-grid__product-add-to-cart\"><a href=\"\/boutique\/index.php\/wp-json\/wp\/v2\/pages\/58?add-to-cart=406\" aria-label=\"Ajouter au panier\u00a0: &ldquo;Gourde 700ml&rdquo;\" data-quantity=\"1\" data-product_id=\"406\" data-product_sku=\"\" data-price=\"6.5\" rel=\"nofollow\" class=\"wp-block-button__link  add_to_cart_button ajax_add_to_cart\">Ajouter au panier<\/a><\/div>\n\t\t\t<\/li><\/ul><\/div>\n\n\n<h2 class=\"has-text-align-center wp-block-heading\">Produits en promotion<\/h2>\n\n\n\n\n\n<h2 class=\"has-text-align-center wp-block-heading\" id=\"produits-preferes-de-vos-clients\">Produits pr\u00e9f\u00e9r\u00e9s<\/h2>\n\n\n<div data-block-name=\"woocommerce\/product-top-rated\" data-categories=\"[43,28,45,44]\" data-columns=\"4\" data-stock-status=\"[&quot;&quot;,&quot;instock&quot;,&quot;outofstock&quot;,&quot;onbackorder&quot;]\" class=\"wc-block-grid wp-block-product-top-rated wp-block-woocommerce-product-top-rated wc-block-product-top-rated has-4-columns has-multiple-rows\"><ul class=\"wc-block-grid__products\"><li class=\"wc-block-grid__product\">\n\t\t\t\t<a href=\"https:\/\/hac1962.com\/boutique\/index.php\/produit\/gourde-400ml\/\" class=\"wc-block-grid__product-link\">\n\t\t\t\t\t\n\t\t\t\t\t<div class=\"wc-block-grid__product-image\"><img loading=\"lazy\" decoding=\"async\" width=\"324\" height=\"324\" src=\"https:\/\/hac1962.com\/boutique\/wp-content\/uploads\/2023\/03\/Petite-Gourde-324x324.jpg\" class=\"attachment-woocommerce_thumbnail size-woocommerce_thumbnail\" alt=\"Gourde 400ml\" srcset=\"https:\/\/hac1962.com\/boutique\/wp-content\/uploads\/2023\/03\/Petite-Gourde-324x324.jpg 324w, https:\/\/hac1962.com\/boutique\/wp-content\/uploads\/2023\/03\/Petite-Gourde-150x150.jpg 150w, https:\/\/hac1962.com\/boutique\/wp-content\/uploads\/2023\/03\/Petite-Gourde-100x100.jpg 100w\" sizes=\"auto, (max-width: 324px) 100vw, 324px\" \/><\/div>\n\t\t\t\t\t<div class=\"wc-block-grid__product-title\">Gourde 400ml<\/div>\n\t\t\t\t<\/a>\n\t\t\t\t<div class=\"wc-block-grid__product-price price\"><span class=\"woocommerce-Price-amount amount\">7,00&nbsp;<span class=\"woocommerce-Price-currencySymbol\">&euro;<\/span><\/span><\/div>\n\t\t\t\t\n\t\t\t\t<div class=\"wp-block-button wc-block-grid__product-add-to-cart\"><a href=\"\/boutique\/index.php\/wp-json\/wp\/v2\/pages\/58?add-to-cart=409\" aria-label=\"Ajouter au panier\u00a0: &ldquo;Gourde 400ml&rdquo;\" data-quantity=\"1\" data-product_id=\"409\" data-product_sku=\"\" data-price=\"7\" rel=\"nofollow\" class=\"wp-block-button__link  add_to_cart_button ajax_add_to_cart\">Ajouter au panier<\/a><\/div>\n\t\t\t<\/li><li class=\"wc-block-grid__product\">\n\t\t\t\t<a href=\"https:\/\/hac1962.com\/boutique\/index.php\/produit\/gourde-700ml\/\" class=\"wc-block-grid__product-link\">\n\t\t\t\t\t\n\t\t\t\t\t<div class=\"wc-block-grid__product-image\"><img loading=\"lazy\" decoding=\"async\" width=\"324\" height=\"324\" src=\"https:\/\/hac1962.com\/boutique\/wp-content\/uploads\/2023\/03\/Grande-Gourde-324x324.jpg\" class=\"attachment-woocommerce_thumbnail size-woocommerce_thumbnail\" alt=\"Gourde 700ml\" srcset=\"https:\/\/hac1962.com\/boutique\/wp-content\/uploads\/2023\/03\/Grande-Gourde-324x324.jpg 324w, https:\/\/hac1962.com\/boutique\/wp-content\/uploads\/2023\/03\/Grande-Gourde-150x150.jpg 150w, https:\/\/hac1962.com\/boutique\/wp-content\/uploads\/2023\/03\/Grande-Gourde-100x100.jpg 100w\" sizes=\"auto, (max-width: 324px) 100vw, 324px\" \/><\/div>\n\t\t\t\t\t<div class=\"wc-block-grid__product-title\">Gourde 700ml<\/div>\n\t\t\t\t<\/a>\n\t\t\t\t<div class=\"wc-block-grid__product-price price\"><span class=\"woocommerce-Price-amount amount\">6,50&nbsp;<span class=\"woocommerce-Price-currencySymbol\">&euro;<\/span><\/span><\/div>\n\t\t\t\t\n\t\t\t\t<div class=\"wp-block-button wc-block-grid__product-add-to-cart\"><a href=\"\/boutique\/index.php\/wp-json\/wp\/v2\/pages\/58?add-to-cart=406\" aria-label=\"Ajouter au panier\u00a0: &ldquo;Gourde 700ml&rdquo;\" data-quantity=\"1\" data-product_id=\"406\" data-product_sku=\"\" data-price=\"6.5\" rel=\"nofollow\" class=\"wp-block-button__link  add_to_cart_button ajax_add_to_cart\">Ajouter au panier<\/a><\/div>\n\t\t\t<\/li><li class=\"wc-block-grid__product\">\n\t\t\t\t<a href=\"https:\/\/hac1962.com\/boutique\/index.php\/produit\/aculella\/\" class=\"wc-block-grid__product-link\">\n\t\t\t\t\t\n\t\t\t\t\t<div class=\"wc-block-grid__product-image\"><img loading=\"lazy\" decoding=\"async\" width=\"324\" height=\"324\" src=\"https:\/\/hac1962.com\/boutique\/wp-content\/uploads\/2022\/04\/Affiche-Promo-324x324.jpg\" class=\"attachment-woocommerce_thumbnail size-woocommerce_thumbnail\" alt=\"Aculella - Peluche Officielle HAC\" srcset=\"https:\/\/hac1962.com\/boutique\/wp-content\/uploads\/2022\/04\/Affiche-Promo-324x324.jpg 324w, https:\/\/hac1962.com\/boutique\/wp-content\/uploads\/2022\/04\/Affiche-Promo-150x150.jpg 150w, https:\/\/hac1962.com\/boutique\/wp-content\/uploads\/2022\/04\/Affiche-Promo-100x100.jpg 100w\" sizes=\"auto, (max-width: 324px) 100vw, 324px\" \/><\/div>\n\t\t\t\t\t<div class=\"wc-block-grid__product-title\">Aculella &#8211; Peluche Officielle HAC<\/div>\n\t\t\t\t<\/a>\n\t\t\t\t<div class=\"wc-block-grid__product-price price\"><span class=\"woocommerce-Price-amount amount\">16,00&nbsp;<span class=\"woocommerce-Price-currencySymbol\">&euro;<\/span><\/span><\/div>\n\t\t\t\t\n\t\t\t\t<div class=\"wp-block-button wc-block-grid__product-add-to-cart\"><a href=\"\/boutique\/index.php\/wp-json\/wp\/v2\/pages\/58?add-to-cart=357\" aria-label=\"Ajouter au panier\u00a0: &ldquo;Aculella - Peluche Officielle HAC&rdquo;\" data-quantity=\"1\" data-product_id=\"357\" data-product_sku=\"\" data-price=\"16\" rel=\"nofollow\" class=\"wp-block-button__link  add_to_cart_button ajax_add_to_cart\">Ajouter au panier<\/a><\/div>\n\t\t\t<\/li><li class=\"wc-block-grid__product\">\n\t\t\t\t<a href=\"https:\/\/hac1962.com\/boutique\/index.php\/produit\/mug-hac\/\" class=\"wc-block-grid__product-link\">\n\t\t\t\t\t\n\t\t\t\t\t<div class=\"wc-block-grid__product-image\"><img loading=\"lazy\" decoding=\"async\" width=\"324\" height=\"324\" src=\"https:\/\/hac1962.com\/boutique\/wp-content\/uploads\/2021\/11\/mug-preview-324x324.jpg\" class=\"attachment-woocommerce_thumbnail size-woocommerce_thumbnail\" alt=\"Mug HAC\" srcset=\"https:\/\/hac1962.com\/boutique\/wp-content\/uploads\/2021\/11\/mug-preview-324x324.jpg 324w, https:\/\/hac1962.com\/boutique\/wp-content\/uploads\/2021\/11\/mug-preview-150x150.jpg 150w, https:\/\/hac1962.com\/boutique\/wp-content\/uploads\/2021\/11\/mug-preview-100x100.jpg 100w\" sizes=\"auto, (max-width: 324px) 100vw, 324px\" \/><\/div>\n\t\t\t\t\t<div class=\"wc-block-grid__product-title\">Mug HAC<\/div>\n\t\t\t\t<\/a>\n\t\t\t\t<div class=\"wc-block-grid__product-price price\"><span class=\"woocommerce-Price-amount amount\">15,00&nbsp;<span class=\"woocommerce-Price-currencySymbol\">&euro;<\/span><\/span><\/div>\n\t\t\t\t\n\t\t\t\t<div class=\"wp-block-button wc-block-grid__product-add-to-cart\"><a href=\"\/boutique\/index.php\/wp-json\/wp\/v2\/pages\/58?add-to-cart=126\" aria-label=\"Ajouter au panier\u00a0: &ldquo;Mug HAC&rdquo;\" data-quantity=\"1\" data-product_id=\"126\" data-product_sku=\"\" data-price=\"15\" rel=\"nofollow\" class=\"wp-block-button__link  add_to_cart_button ajax_add_to_cart\">Ajouter au panier<\/a><\/div>\n\t\t\t<\/li><\/ul><\/div>\n\n\n<h2 class=\"has-text-align-center wp-block-heading\" id=\"meilleurs-produits\">Meilleurs produits<\/h2>\n\n\n<div data-block-name=\"woocommerce\/product-best-sellers\" data-columns=\"4\" class=\"wc-block-grid wp-block-product-best-sellers wp-block-woocommerce-product-best-sellers wc-block-product-best-sellers has-4-columns has-multiple-rows\"><ul class=\"wc-block-grid__products\"><li class=\"wc-block-grid__product\">\n\t\t\t\t<a href=\"https:\/\/hac1962.com\/boutique\/index.php\/produit\/mug-hac\/\" class=\"wc-block-grid__product-link\">\n\t\t\t\t\t\n\t\t\t\t\t<div class=\"wc-block-grid__product-image\"><img loading=\"lazy\" decoding=\"async\" width=\"324\" height=\"324\" src=\"https:\/\/hac1962.com\/boutique\/wp-content\/uploads\/2021\/11\/mug-preview-324x324.jpg\" class=\"attachment-woocommerce_thumbnail size-woocommerce_thumbnail\" alt=\"Mug HAC\" srcset=\"https:\/\/hac1962.com\/boutique\/wp-content\/uploads\/2021\/11\/mug-preview-324x324.jpg 324w, https:\/\/hac1962.com\/boutique\/wp-content\/uploads\/2021\/11\/mug-preview-150x150.jpg 150w, https:\/\/hac1962.com\/boutique\/wp-content\/uploads\/2021\/11\/mug-preview-100x100.jpg 100w\" sizes=\"auto, (max-width: 324px) 100vw, 324px\" \/><\/div>\n\t\t\t\t\t<div class=\"wc-block-grid__product-title\">Mug HAC<\/div>\n\t\t\t\t<\/a>\n\t\t\t\t<div class=\"wc-block-grid__product-price price\"><span class=\"woocommerce-Price-amount amount\">15,00&nbsp;<span class=\"woocommerce-Price-currencySymbol\">&euro;<\/span><\/span><\/div>\n\t\t\t\t\n\t\t\t\t<div class=\"wp-block-button wc-block-grid__product-add-to-cart\"><a href=\"\/boutique\/index.php\/wp-json\/wp\/v2\/pages\/58?add-to-cart=126\" aria-label=\"Ajouter au panier\u00a0: &ldquo;Mug HAC&rdquo;\" data-quantity=\"1\" data-product_id=\"126\" data-product_sku=\"\" data-price=\"15\" rel=\"nofollow\" class=\"wp-block-button__link  add_to_cart_button ajax_add_to_cart\">Ajouter au panier<\/a><\/div>\n\t\t\t<\/li><li class=\"wc-block-grid__product\">\n\t\t\t\t<a href=\"https:\/\/hac1962.com\/boutique\/index.php\/produit\/aculella\/\" class=\"wc-block-grid__product-link\">\n\t\t\t\t\t\n\t\t\t\t\t<div class=\"wc-block-grid__product-image\"><img loading=\"lazy\" decoding=\"async\" width=\"324\" height=\"324\" src=\"https:\/\/hac1962.com\/boutique\/wp-content\/uploads\/2022\/04\/Affiche-Promo-324x324.jpg\" class=\"attachment-woocommerce_thumbnail size-woocommerce_thumbnail\" alt=\"Aculella - Peluche Officielle HAC\" srcset=\"https:\/\/hac1962.com\/boutique\/wp-content\/uploads\/2022\/04\/Affiche-Promo-324x324.jpg 324w, https:\/\/hac1962.com\/boutique\/wp-content\/uploads\/2022\/04\/Affiche-Promo-150x150.jpg 150w, https:\/\/hac1962.com\/boutique\/wp-content\/uploads\/2022\/04\/Affiche-Promo-100x100.jpg 100w\" sizes=\"auto, (max-width: 324px) 100vw, 324px\" \/><\/div>\n\t\t\t\t\t<div class=\"wc-block-grid__product-title\">Aculella &#8211; Peluche Officielle HAC<\/div>\n\t\t\t\t<\/a>\n\t\t\t\t<div class=\"wc-block-grid__product-price price\"><span class=\"woocommerce-Price-amount amount\">16,00&nbsp;<span class=\"woocommerce-Price-currencySymbol\">&euro;<\/span><\/span><\/div>\n\t\t\t\t\n\t\t\t\t<div class=\"wp-block-button wc-block-grid__product-add-to-cart\"><a href=\"\/boutique\/index.php\/wp-json\/wp\/v2\/pages\/58?add-to-cart=357\" aria-label=\"Ajouter au panier\u00a0: &ldquo;Aculella - Peluche Officielle HAC&rdquo;\" data-quantity=\"1\" data-product_id=\"357\" data-product_sku=\"\" data-price=\"16\" rel=\"nofollow\" class=\"wp-block-button__link  add_to_cart_button ajax_add_to_cart\">Ajouter au panier<\/a><\/div>\n\t\t\t<\/li><li class=\"wc-block-grid__product\">\n\t\t\t\t<a href=\"https:\/\/hac1962.com\/boutique\/index.php\/produit\/gourde-400ml\/\" class=\"wc-block-grid__product-link\">\n\t\t\t\t\t\n\t\t\t\t\t<div class=\"wc-block-grid__product-image\"><img loading=\"lazy\" decoding=\"async\" width=\"324\" height=\"324\" src=\"https:\/\/hac1962.com\/boutique\/wp-content\/uploads\/2023\/03\/Petite-Gourde-324x324.jpg\" class=\"attachment-woocommerce_thumbnail size-woocommerce_thumbnail\" alt=\"Gourde 400ml\" srcset=\"https:\/\/hac1962.com\/boutique\/wp-content\/uploads\/2023\/03\/Petite-Gourde-324x324.jpg 324w, https:\/\/hac1962.com\/boutique\/wp-content\/uploads\/2023\/03\/Petite-Gourde-150x150.jpg 150w, https:\/\/hac1962.com\/boutique\/wp-content\/uploads\/2023\/03\/Petite-Gourde-100x100.jpg 100w\" sizes=\"auto, (max-width: 324px) 100vw, 324px\" \/><\/div>\n\t\t\t\t\t<div class=\"wc-block-grid__product-title\">Gourde 400ml<\/div>\n\t\t\t\t<\/a>\n\t\t\t\t<div class=\"wc-block-grid__product-price price\"><span class=\"woocommerce-Price-amount amount\">7,00&nbsp;<span class=\"woocommerce-Price-currencySymbol\">&euro;<\/span><\/span><\/div>\n\t\t\t\t\n\t\t\t\t<div class=\"wp-block-button wc-block-grid__product-add-to-cart\"><a href=\"\/boutique\/index.php\/wp-json\/wp\/v2\/pages\/58?add-to-cart=409\" aria-label=\"Ajouter au panier\u00a0: &ldquo;Gourde 400ml&rdquo;\" data-quantity=\"1\" data-product_id=\"409\" data-product_sku=\"\" data-price=\"7\" rel=\"nofollow\" class=\"wp-block-button__link  add_to_cart_button ajax_add_to_cart\">Ajouter au panier<\/a><\/div>\n\t\t\t<\/li><li class=\"wc-block-grid__product\">\n\t\t\t\t<a href=\"https:\/\/hac1962.com\/boutique\/index.php\/produit\/gourde-700ml\/\" class=\"wc-block-grid__product-link\">\n\t\t\t\t\t\n\t\t\t\t\t<div class=\"wc-block-grid__product-image\"><img loading=\"lazy\" decoding=\"async\" width=\"324\" height=\"324\" src=\"https:\/\/hac1962.com\/boutique\/wp-content\/uploads\/2023\/03\/Grande-Gourde-324x324.jpg\" class=\"attachment-woocommerce_thumbnail size-woocommerce_thumbnail\" alt=\"Gourde 700ml\" srcset=\"https:\/\/hac1962.com\/boutique\/wp-content\/uploads\/2023\/03\/Grande-Gourde-324x324.jpg 324w, https:\/\/hac1962.com\/boutique\/wp-content\/uploads\/2023\/03\/Grande-Gourde-150x150.jpg 150w, https:\/\/hac1962.com\/boutique\/wp-content\/uploads\/2023\/03\/Grande-Gourde-100x100.jpg 100w\" sizes=\"auto, (max-width: 324px) 100vw, 324px\" \/><\/div>\n\t\t\t\t\t<div class=\"wc-block-grid__product-title\">Gourde 700ml<\/div>\n\t\t\t\t<\/a>\n\t\t\t\t<div class=\"wc-block-grid__product-price price\"><span class=\"woocommerce-Price-amount amount\">6,50&nbsp;<span class=\"woocommerce-Price-currencySymbol\">&euro;<\/span><\/span><\/div>\n\t\t\t\t\n\t\t\t\t<div class=\"wp-block-button wc-block-grid__product-add-to-cart\"><a href=\"\/boutique\/index.php\/wp-json\/wp\/v2\/pages\/58?add-to-cart=406\" aria-label=\"Ajouter au panier\u00a0: &ldquo;Gourde 700ml&rdquo;\" data-quantity=\"1\" data-product_id=\"406\" data-product_sku=\"\" data-price=\"6.5\" rel=\"nofollow\" class=\"wp-block-button__link  add_to_cart_button ajax_add_to_cart\">Ajouter au panier<\/a><\/div>\n\t\t\t<\/li><\/ul><\/div>","protected":false},"excerpt":{"rendered":"<p>Achat par cat\u00e9gorie Nouveaut\u00e9s Produits en promotion Produits pr\u00e9f\u00e9r\u00e9s Meilleurs produits<\/p>\n","protected":false},"author":1,"featured_media":0,"parent":0,"menu_order":0,"comment_status":"closed","ping_status":"closed","template":"","meta":{"_coblocks_attr":"Roboto,Open Sans,Helvetica,Arial","_coblocks_dimensions":"","_coblocks_responsive_height":"","_coblocks_accordion_ie_support":"","footnotes":""},"class_list":["post-58","page","type-page","status-publish","hentry"],"jetpack_sharing_enabled":true,"_links":{"self":[{"href":"https:\/\/hac1962.com\/boutique\/index.php\/wp-json\/wp\/v2\/pages\/58","targetHints":{"allow":["GET"]}}],"collection":[{"href":"https:\/\/hac1962.com\/boutique\/index.php\/wp-json\/wp\/v2\/pages"}],"about":[{"href":"https:\/\/hac1962.com\/boutique\/index.php\/wp-json\/wp\/v2\/types\/page"}],"author":[{"embeddable":true,"href":"https:\/\/hac1962.com\/boutique\/index.php\/wp-json\/wp\/v2\/users\/1"}],"replies":[{"embeddable":true,"href":"https:\/\/hac1962.com\/boutique\/index.php\/wp-json\/wp\/v2\/comments?post=58"}],"version-history":[{"count":27,"href":"https:\/\/hac1962.com\/boutique\/index.php\/wp-json\/wp\/v2\/pages\/58\/revisions"}],"predecessor-version":[{"id":470,"href":"https:\/\/hac1962.com\/boutique\/index.php\/wp-json\/wp\/v2\/pages\/58\/revisions\/470"}],"wp:attachment":[{"href":"https:\/\/hac1962.com\/boutique\/index.php\/wp-json\/wp\/v2\/media?parent=58"}],"curies":[{"name":"wp","href":"https:\/\/api.w.org\/{rel}","templated":true}]}}